 + 2*s + 133. Let w = u + j. Calculate the greatest common divisor of 90 and w.
18
Suppose 2*m = 7*m - 630. Let y be ((-2028)/1183)/(30/(-315)). Calculate the highest common divisor of m and y.
18
Let s(p) = -103*p - 679. Let f be s(-8). Calculate the greatest common divisor of 29 and f.
29
Let j(r) = 16*r + 2. Let f be j(-3). Let t = f - -51. Suppose -294 = -t*u + 2*u. Calculate the greatest common divisor of 14 and u.
14
Let g = 52 - 55. Let m be (-122 + g)*((-66)/15 + 4). Calculate the highest common factor of 350 and m.
50
Let v = -3256 + 3328. What is the highest common divisor of v and 1656?
72
Let s be 133 - (-4 + 5 - -2). What is the greatest common divisor of 2080 and s?
130
Let b be 15 - 4 - 25/(-5). Let p be ((-2)/8 - 108/b)*-3. What is the highest common factor of p and 63?
21
Suppose 5750 = 68*i + 854. What is the highest common divisor of 3096 and i?
72
Suppose -20 = -4*l, 3*l + 247 = 2*d - 2*l. Suppose 12*x - 572 = d. Suppose -6*y + 227 - x = 0. Calculate the highest common factor of y and 56.
28
Let z(r) = 45*r**2 - r - 4. Let q be z(-4). Suppose -12*p + q = -7*p. Calculate the highest common factor of 16 and p.
16
Let r(d) = -3*d + 90. Let z be r(18). Suppose 4*i = z*i - 32448. Calculate the greatest common divisor of 78 and i.
78
Let t = -7 + 9. Suppose -u - 339 = -4*w, t*u = u - 3. Let i = -80 + w. Calculate the greatest common factor of i and 10.
2
Suppose -14*t + 10 - 906 = 0. Let a be 130/16 - (-4)/t*2. Calculate the highest common factor of 32 and a.
8
Let i = 47 + -33. Suppose -i = -5*z + 1, f - 5*z + 36 = 0. Let g be 6/9 + (-4522)/f. Calculate the highest common factor of 24 and g.
24
Let p(z) = 13*z - 1. Let o(c) = -25*c + 3. Let n(j) = -6*o(j) - 13*p(j). Let u be n(-1). What is the greatest common divisor of u and 126?
14
Let y = 3686 - 3317. Calculate the highest common divisor of 198 and y.
9
Let a be 2/((-4)/(-56)*-1). Let k be (-13 - -7)*a/6. Suppose 0 = -0*o - 2*o + k. What is the greatest common divisor of o and 126?
14
Suppose -360*k + 2246 = -7834. What is the greatest common factor of 512 and k?
4
Let h be ((-12)/(-2))/3 + 10. Let l be 1 + (-4)/((-380)/1985) + 10/95. What is the greatest common divisor of h and l?
2
Suppose -722 + 776 = 2*u. Suppose 2000 = -u*p + 6698. What is the highest common factor of p and 6?
6
Suppose -3*b + 45 = 3*c - 135, 4*b = -3*c + 236. Suppose s = 2*s - 489. Let v = s - 405. What is the greatest common divisor of b and v?
28
Let o = 29930 + -29584. Calculate the greatest common divisor of o and 16.
2
Let l be ((-129)/(-6))/((-5)/10). Let z = 23 + l. Let p be ((-15)/z - 1) + (-218)/(-8). Calculate the greatest common factor of p and 18.
9
Let c be (-10 - -1)*(-18)/36*10. Calculate the highest common factor of c and 25.
5
Let i(b) = 3*b**2 - 29*b + 61*b - 27*b. Let y be i(-10). Suppose 0 = 4*o + o - y. What is the greatest common divisor of 10 and o?
10
Suppose 0 = -136*y + 1965 + 610 + 417. Calculate the greatest common factor of 7612 and y.
22
Suppose 0 = 9*p - 14*p - 4*u + 32336, -3*p - 2*u = -19400. Calculate the highest common divisor of 16 and p.
16
Suppose 3*d - 5*z = 73, -4*d + 161 - 41 = -z. Suppose 62 = -2*u + 3*u. Calculate the highest common factor of d and u.
31
Let i be 2/16 + (-1005)/40. Let j be 27/(i/(-10) + -1). What is the highest common divisor of 48 and j?
6
Let c = 2024 - 2010. Calculate the highest common factor of 3766 and c.
14
Let t = -213 + 222. Let n(j) = -4*j**2 + j + 1. Let f be n(2). Let a = 16 + f. What is the highest common factor of a and t?
3
Suppose -c - 161 = -2*r, 5*r = -5*c + 3*r - 769. Let g be 5 - (c/(-5) + 3). Let a be 3 + 0 + -7 - g. Calculate the greatest common divisor of 25 and a.
25
Let u = 0 + 6. Let p = -4049 + 4083. Suppose -4*y - p = -u*y. Calculate the highest common divisor of y and 119.
17
Let z(f) = 89*f - 64*f - 110 - 22 + 158*f. Let g be z(6). Calculate the greatest common divisor of 23 and g.
23
Let x(y) = y**3 + 6*y**2 + 5. Let d be x(-6). Suppose 2*c - 4*r - 60 = 0, -231 = -2*c - 2*r - 201. What is the greatest common divisor of c and d?
5
Let k = 52 + -43. Let u = -146 - -146. Let i = u - -1. Calculate the highest common factor of i and k.
1
Suppose 0*g + 2*g - 1051 = -3*a, -4*g + 2105 = 3*a. Suppose -10*p - 21*p + g = 0. Calculate the greatest common factor of 272 and p.
17
Suppose 5*f - 9*f = 56. Let z(k) = k**3 + 13*k**2 - 12*k + 18. Let p be z(f). Let t be 216/(-60)*2/(8/p). Calculate the highest common divisor of t and 9.
9
Let p be 4/12 - (4 + 26/(-3)). Suppose 33*o - 31*o - 18 = -5*c, -5*o + 45 = p*c. What is the greatest common factor of 3 and o?
3
Let m(d) = 4*d**2 + 25*d - 94. Let r be m(9). Calculate the greatest common divisor of r and 130.
65
Suppose 4*u + 4*v = 1340, u + 5*v = -168 + 495. Suppose u = d + 14. What is the greatest common factor of d and 19?
19
Suppose 37*j + 60270 = 67*j. What is the highest common divisor of 41 and j?
41
Let b = -12670 - -12763. Calculate the highest common divisor of b and 24.
3
Let t(h) = 19*h**2 - 360*h - 187. Let q be t(21). What is the highest common factor of q and 200?
8
Suppose -3*v + 4*c = -59, -2*c - 2*c - 42 = -2*v. Suppose 2*i + 4*o - 424 = 0, -4 = 7*o - 8*o. What is the highest common factor of v and i?
17
Suppose 85*b + 334 - 1609 = 0. Let h = -4 - -6. Suppose -a + 135 = 2*g, -888 = -5*a + h*g - 213. Calculate the greatest common divisor of b and a.
15
Suppose 4*x + 3*b = 44 - 9, x = -b + 10. Suppose -1255*j + 1250*j + a + 266 = 0, 0 = 3*j + 5*a - 210. Calculate the highest common factor of x and j.
5
Let u be 63/3 + (1105 - 13). Calculate the highest common divisor of u and 21.
21
Let b = 11029 - 4319. What is the highest common factor of 165 and b?
55
Let l(p) = -p**2 - 13*p + 73. Let x be l(-17). Suppose x*z = -2*z + 175. Calculate the highest common factor of 50 and z.
25
Let t(b) = 5*b**3 + 74*b**2 - 154*b + 11. Let z be t(2). What is the highest common factor of 8229 and z?
39
Let q(x) = -3*x + 39. Let z be q(15). Let c be (z - -18)/(-3) + 12. Calculate the highest common divisor of 2 and c.
2
Let m(k) = -k**3 + 14*k**2 + 16*k + 79. Let x be m(-5). Calculate the highest common factor of x and 78.
6
Let l(f) = -2*f**3 + 54*f**2 - 37*f + 714. Let h be l(26). What is the highest common factor of h and 912?
48
Suppose 2*b = -3*s + 3*b + 93, b = -3. Suppose -3*c - 3*x + 74 = -4, c + 5*x = 22. Let g = 39 - c. Calculate the greatest common divisor of s and g.
6
Let b = -60 + 64. Suppose -p - 3*p + b*f = -160, 4*p - 187 = -5*f. Suppose -3*m = 2*g - p, m = 5*g + 4*m - 85. What is the highest common divisor of 70 and g?
14
Let c(k) = 9*k + 291. Let b be c(-29). Suppose -126 = -48*j + b*j. What is the greatest common factor of j and 9?
1
Let o(w) = -4*w**3 - 2*w**2 + 5*w - 1. Let k be o(-3). Suppose -286 = 48*p - k*p. What is the highest common factor of p and 704?
11
Suppose 971318 = 56*w + 302342. Calculate the greatest common factor of w and 33.
33
Let r be 15428/672*196 - (-1)/6. Calculate the highest common factor of 288 and r.
36
Let x be ((-688)/(-12))/((-40)/(-60)). Suppose 4*j + 1079 = 5*g, -707 = -3*g + 3*j - 59. What is the highest common divisor of g and x?
43
Let k = 3068 - 3048. Suppose o + 0 - 4 = -4*d, 0 = -3*o - 12. Let f be d/(-6) - 1446/(-18). What is the greatest common divisor of k and f?
20
Let u = 2531 + -2289. What is the highest common divisor of 10527 and u?
121
Suppose 22*h = -4*h + 23010. What is the greatest common divisor of h and 2301?
177
Suppose 3*f = -2*f + 40. Let j(t) = -t - 10. Let z be (-4 + 60/18)/((-14)/(-231)). Let a be j(z). What is the highest common factor of a and f?
1
Suppose -7*r = -3*r - 28. Suppose -3*m - 41 = -5*f, 17 = 3*f + 325*m - 323*m. What is the greatest common divisor of r and f?
7
Let j(r) = -10*r + 74. Let z = -39 + 46. Let t be j(z). Calculate the highest common factor of 64 and t.
4
Let p(b) = 8*b - 37. Let i be p(5). Suppose s - 58 = -5*d - 3, 39 = s - i*d. Let j = -15 + s. Calculate the highest common factor of j and 6.
6
Suppose -1980 = -8*z - 47*z. Let y = 1 + -1. Suppose 3*a + y*a = z. What is the greatest common divisor of 36 and a?
12
Suppose -81*o + 25415 = -30083 - 2255. Calculate the highest common factor of o and 138.
23
Let r = 32141 + -31837. What is the highest common divisor of r and 48